*g - 3*b. Let r(f) = -f**2 - 8*f + 36. What is the remainder when r(-8) is divided by g?
4
What is the remainder when 443 is divided by -14 - ((-48)/(-6) - 96)?
73
Let q = 221 - 194. Suppose 949 = q*v + 301. Calculate the remainder when 47 is divided by v.
23
Let v = -39 - -42. Suppose v*u = 2*u + 17. Calculate the remainder when ((-5)/(-20)*22)/((-2)/(-12)) is divided by u.
16
Let p(r) = r**3 - 5*r**2 + r + 11. Let z be p(5). Suppose 17*q - 84 = z*q. Let i = 108 - q. Calculate the remainder when i is divided by 5.
4
Let b(h) = 2*h**2 - 168*h + 1488. Let z = -5 + 10. Suppose z*i - 1 - 13 = -j, -36 = -2*j - 2*i. Calculate the remainder when j is divided by b(74).
3
Let x = -19324 - -19350. Let b(y) = 8*y**2 - 2*y. Let p be b(2). Suppose -14 = -3*v + p. Calculate the remainder when x is divided by v.
12
Suppose -2*h + 7 = -3. Suppose -h*t + 4*m + 135 = 0, -5*m + 42 = 4*t - 107. Let r = 169 - 78. Calculate the remainder when r is divided by t.
29
Calculate the remainder when 2740 is divided by (-672)/(-16)*(-14)/(-6).
94
Let z = -38 - -35. Let h(j) = -j**3 + j**2 + 7*j + 9. Let g be h(z). Suppose 2*o - 10*o = -g. What is the remainder when 24 is divided by o?
0
Let p(o) = 54*o - 155. Let k(s) = -8*s + 2. Calculate the remainder when k(-3) is divided by p(3).
5
Suppose -304 = 4*x - 20*x. Let q(i) = -2*i**2 + 39*i + 22. What is the remainder when q(x) is divided by 22?
19
Let v(w) = -77*w - 11863. What is the remainder when v(-191) is divided by 135?
9
Suppose 370*y - 458792 = 784038. What is the remainder when y is divided by 36?
11
Let u(g) = 2*g**3 - g**2 - 29*g + 74. What is the remainder when 467 is divided by u(3)?
19
Suppose -3*g + 246 = 2*x, -24*g - 4*x - 264 = -27*g. Suppose 107*p - 110*p + g = 0. What is the remainder when 138 is divided by p?
26
Suppose 971 - 435 = 107*g - 534. Let q(w) = -16*w + 1. What is the remainder when q(-3) is divided by g?
9
Suppose -2*y + 163 - 145 = 0. What is the remainder when 674 is divided by y?
8
Let c(k) = -136*k - 224. What is the remainder when c(-4) is divided by 30?
20
Let u = -5105 + 5228. Calculate the remainder when 446 is divided by u.
77
Suppose -14*w + 18*w = 0. Let y = w - -17. Calculate the remainder when 48 is divided by y.
14
Let x(m) = -2*m**3 - 28*m**2 - 12*m - 16. Let s(y) = y**3 - 11*y**2 + 31*y - 20. Let h be s(6). Calculate the remainder when x(h) is divided by 31.
28
Suppose -11 = 2*t - 39. Let x(j) = 41*j - 16. Let o be x(3). Suppose o*b = 100*b + 378. What is the remainder when b is divided by t?
12
Let o(b) = 3*b + 11. Let h(z) = 10*z**2 - z - 2. Let l be h(-1). Let d(t) = -t**2 + 9*t + 21. Calculate the remainder when o(l) is divided by d(9).
17
Let w(z) be the third derivative of 25*z**4/24 + 5*z**3/3 - 91*z**2. What is the remainder when 134 is divided by w(1)?
29
Suppose 1606 = 56*l - 3490. Calculate the remainder when 1118 is divided by l.
26
Let y = 27157 - 27137. What is the remainder when 985 is divided by y?
5
Let y = 452 - 449. Calculate the remainder when ((-67)/4)/(y/24*-2) is divided by 23.
21
Let t(y) = -y + 6. Suppose m + 424*q = 427*q + 187, 0 = 2*m + 5*q - 286. Calculate the remainder when m is divided by t(-5).
9
Calculate the remainder when 3054 is divided by (-610)/3*204/(-34)*(-6)/(-12).
4
Suppose 3*b - 17 = -5*y, -3*b = b - 2*y - 14. Suppose -5*o = b*u - u - 880, -25 = 5*u. Calculate the remainder when o is divided by 14.
11
Let n = 64 + -14. Suppose 66*t + n = 61*t. Let l = t + 22. What is the remainder when 43 is divided by l?
7
Let r(c) = c**3 + 17*c**2 - 24*c - 24. Let x be r(-18). What is the remainder when (1 - (-166)/(-8))*-4 is divided by (x/(-30) - -1)*-15?
25
Suppose -12*w - 28*w = -247 - 1233. Calculate the remainder when 136 is divided by w.
25
Suppose -3*m - 2*m = 5*f - 105, 5*m + 15 = 0. Suppose 43*z - 45*z + 5*a + 131 = 0, 5 = 5*a. What is the remainder when z is divided by f?
20
Let w(f) = -f**3 - 28*f**2 + 28*f - 23. Let x be (-4)/6 + (-6)/(-9). Suppose c + x*c = 15. What is the remainder when c is divided by w(-29)?
3
Suppose 165 = -0*u + 5*u. What is the remainder when (-21 - 3348/(-155))*((1 - -4) + (419 - -6)) is divided by u?
27
Suppose 2*r + 16 = -4*y, -y = 2*r - 0*r + 22. Calculate the remainder when ((-1304)/r)/(3 - (-14)/(-6)) is divided by 24.
19
Suppose -44 + 12 = -16*c. Suppose 0 = -4*p + p + 12. What is the remainder when p is divided by (c/(-3) - -1)*9?
1
Let m(i) = -13*i**3 - i**2. Suppose 4*b + 4*j - 120 = 0, 3*b + 2*b - 136 = 2*j. Let p = b - -31. Calculate the remainder when p is divided by m(-1).
11
Let b(k) = -k**3 - 69*k**2 + 134*k + 81. Calculate the remainder when b(-71) is divided by 210.
19
Let a(n) = -13*n - 2. Let t(y) = 16*y**2 - 31*y + 186. What is the remainder when t(-2) is divided by a(-5)?
60
Let o be (0 + 1 + -2)/((-29)/2204). Let j = o + -74. Suppose j*p - 39 - 175 = 0. Calculate the remainder when p is divided by 27.
26
Let c(j) = 27*j**2 + 28*j + 27. What is the remainder when 880 is divided by c(-1)?
22
Let a(k) = k**2 + 5*k**2 - 2*k + 2 + 3*k**2. Let p be -1 + (-6 - 27/(-4))/(9/24). What is the remainder when 17 is divided by a(p)?
8
Let j = 11510 + -11372. What is the remainder when 319 is divided by j?
43
Let q = -3183 - -3310. What is the remainder when q is divided by 60?
7
Suppose -w - 4*i + 73 - 3 = 0, 4*w - 3*i = 299. Suppose 47*f - 60 = 43*f. What is the remainder when w is divided by f?
14
Suppose -20*i + 21*i = 4*b - 485, 4*b = -i + 499. What is the remainder when 424 is divided by b?
55
Let n(v) = 499*v + 153. Let g be n(51). Suppose -2*d - g = -53*d. What is the remainder when d is divided by 42?
40
Let a = -64 - -145. Let p(q) = -1429*q - 7129. Calculate the remainder when a is divided by p(-5).
1
Let s = -1204 - -1210. What is the remainder when 7 is divided by s?
1
Let g(p) = -40 - 61*p**3 + 22*p**3 + 38*p**3 - 26*p + 18*p**2. What is the remainder when g(15) is divided by 41?
40
Let z = 104 - 102. Suppose -2*h - 52 = -z*k, -4*k + h = -12 - 104. Let g = 255 - 136. What is the remainder when g is divided by k?
29
Let l(q) = q**3 + 6*q**2 - 8*q + 3. Let m be l(-7). Let r be (5/m)/((-1)/(-12)). Suppose 11*h = r*h + 475. Calculate the remainder when h is divided by 24.
23
Calculate the remainder when (-2 - ((-6042)/8)/(-3))*(-380)/19 is divided by 1691.
2
Let i(q) = 2537*q**2 - 18*q - 13. What is the remainder when i(-3) is divided by 26?
20
Suppose -x - 2*x = x. Suppose -3*w + 4*l + 332 = x, -4*w + 222 = -2*w - 3*l. What is the remainder when w is divided by 29?
21
Let z(j) = -j**2 - 9*j - 11. Let c be z(-8). Let w(h) = h**3 + 3*h**2 + 3*h - 4. Let s be w(c). Let v = s + 33. What is the remainder when 97 is divided by v?
17
Suppose 8692 + 11372 = 395*v - 7586. Calculate the remainder when 25267 is divided by v.
67
Suppose -5*f = c - 24, -f + 20 = -4*c + 74. Let d(y) = -y**3 + 8*y**2 + 13*y - 18. Let k be d(9). Let x = k - c. Calculate the remainder when 6 is divided by x.
2
Let k = -4218 + 5527. What is the remainder when k is divided by 25?
9
Let b(l) = 16*l + 8. Let d be b(0). Suppose 2*z = -d, z + 223 = -0*j + 3*j. Calculate the remainder when j is divided by 42.
31
Suppose -66*o = -62*o - 40. What is the remainder when 492 is divided by (2/o)/(2/(-5))*-76?
36
Calculate the remainder when 650 is divided by 4752/(-162)*18/(-4).
122
Suppose c - 5*b + 19 = 0, -10*b + 7*b + 101 = 5*c. Calculate the remainder when 1448 is divided by c.
8
Suppose -17*k + 3795 = -4229. Let m = 575 - k. What is the remainder when m is divided by 7?
5
Suppose 2*k - 193 = -5*q, -3*k - q = -4*k + 107. Suppose 408 - k = 8*l. Calculate the remainder when 112 is divided by l.
36
Suppose 0*r - r + 5*a = -61, -r - 3*a = -53. Let k(b) = 22*b + 8. Let m be k(-8). Let p = 180 + m. Calculate the remainder when r is divided by p.
8
What is the remainder when ((-58)/(-10))/((-201)/(-13065)) is divided by 46?
9
Let j(b) = 11*b**2 + 249*b - 1259. What is the remainder when j(5) is divided by 101?
59
Let r(t) = 2*t - t - 20 + 7*t. Let c(w) = w**3 + 3*w**2 - 4*w + 4. Calculate the remainder when r(10) is divided by c(2).
12
Let q = 4946 - 4872. Calculate the remainder when 674 is divided by q.
8
Suppose 4*y - 8 = 8. Let c(u) = 62*u + 313. Let v be c(-5). Suppose -5*t - 5 = -z, -28 = -v*z + y*t - 2. What is the remainder when 1